se 0 = 5*z + 5*i + 15, -z + 3*z - i = 6. Let v(h) = -20*h**2 + 7*h**2 + 0 + 1. What is v(z)?
-12
Suppose -2*n = 3*n. Let c be (21/6)/7*-10. Let f(g) = 2*g**2 + 4*g - 4. Let h(d) = 3*d**2 + 7*d - 8. Let i(t) = c*f(t) + 3*h(t). Determine i(n).
-4
Let h(j) = -j**2. Let u(i) = 2*i**2 + 14*i - 12. Let n be u(-8). Determine h(n).
-16
Let r(c) = 15*c - 8. Let s(f) be the third derivative of -7*f**4/24 + 2*f**3/3 + 2*f**2. Let y(z) = 6*r(z) + 13*s(z). Determine y(2).
2
Let s be 4*15/6 - -1. Let n(a) = -a**3 - 10*a**2 - 10*a + 5. Let y(c) = 2*c**3 + 19*c**2 + 19*c - 9. Let g(l) = s*n(l) + 6*y(l). What is g(-3)?
-2
Let d be 0 + 1 + (3 - 1). Let g(q) = -1 + 2*q + q**3 - d*q - q**2 + 2*q. Suppose 0 = 3*n - 0*n. Determine g(n).
-1
Let l(p) = 3 + 3*p + 2 - p. Let q(h) = -h**2 - 6*h + 8. Let x be q(-6). Let b = x + -13. Give l(b).
-5
Let d(q) = -q - 1. Let w(h) = -3*h - 2. Let u(k) = -d(k) + w(k). Suppose -3*y + 3 = -4*y. Determine u(y).
5
Let b = -1 + 3. Suppose -g = b - 3. Let r(c) = 3*c + 0 + 4*c**3 - 2*c - 1 + 0*c**3. Give r(g).
4
Let t(j) = 2*j - 4*j + 53*j**3 - 52*j**3 + 5 + 3*j**2. Let d be (6/(-4))/(-1)*2. Let q be d/((-1)/(-4)*-3). Determine t(q).
-3
Suppose -g = -6*g + 160. Let k = -7 + g. Suppose l - k = 6*l. Let u(r) = -r**3 - 4*r**2 + 5*r - 3. What is u(l)?
-3
Let j(y) be the second derivative of -y**3/2 - 6*y. Suppose c + 4 = 2. Let g be 1/1*(-2)/c. Determine j(g).
-3
Let d(r) = 3*r + 4. Let i(y) = -3*y**2 + 9*y - 3. Let n be i(3). Calculate d(n).
-5
Let b be 2 - -2 - (3 - 1). Suppose 3*p = -b*p. Suppose 4*w + p = -4. Let o(r) = -5*r**3 - r**2 - 2*r - 1. Determine o(w).
5
Let o(x) = 0*x**2 - 15*x + 12*x + 4*x**2. What is o(2)?
10
Let l(z) be the third derivative of -z**4/12 + z**3/2 + 2*z**2. Calculate l(-3).
9
Let a(x) be the first derivative of x - 3. Let v(k) = 2*k - 11. Let n(p) = 6*a(p) + v(p). Calculate n(4).
3
Let p(y) = -y**2 - 5*y + 2. Let k be (12/9)/(6/117). Let j = -16 + k. Let q be (-3 + 2)*j/2. What is p(q)?
2
Let y(k) be the first derivative of 1/2*k**2 - 1 + 1/3*k**3 + 0*k. Let m(f) = f**2 + 5*f - 6. Let i be m(-6). Give y(i).
0
Let a(d) = -d**3 - 4*d**2 - 3*d - 1. Let h = -2 + 1. Let i = -2 - -5. Let g be h + (-2 + i)*-1. Give a(g).
-3
Let c(p) = 37*p**3 + 9*p**2 + 9*p - 4. Let y(m) = 9*m**3 + 2*m**2 + 2*m - 1. Let j(s) = 2*c(s) - 9*y(s). Suppose -5 = 6*d - d. Let a = d - -2. What is j(a)?
-6
Let z(y) = y - 4. Let s be z(6). Let n(j) be the first derivative of j**4/2 - j**3/3 - j**2 + j + 16. Give n(s).
9
Suppose -2*p + 2 = 4*s - 3*s, -5*p = -5*s - 20. Let w(n) = n**3 - n**2 + 3*n - 3. What is w(p)?
7
Let l be (((-6)/3)/(3 - 2))/1. Let g(q) = 2*q**3 + 2*q**2 - 2*q - 2. What is g(l)?
-6
Let f(u) = -u**3 - 5*u**2 - 5*u - 4. Let j be f(-4). Let o(p) = p**2 - 2. Calculate o(j).
-2
Let v(n) be the third derivative of -1/4*n**4 + 1/10*n**5 + 0 + 4*n**2 - 1/120*n**6 + 1/2*n**3 + 0*n. What is v(5)?
-2
Let z(o) be the third derivative of 1/60*o**5 + o**2 + 0*o + 0 + 1/3*o**3 + 5/24*o**4. Give z(-5).
2
Let b(i) = -i**3 - i + 2. Let m be 1/3*(0 + 15). Suppose -m*r = -3*r. What is b(r)?
2
Let c be (2/(-3))/(4/(-36)). Let r = 0 - c. Let l(u) = -u**2 - 7*u + 4. What is l(r)?
10
Let s(k) = k**2 - k + 1. Let p be (-3)/(-15) - (-21)/(-5). Suppose 18 = -9*n + 6*n. Let b = n - p. Calculate s(b).
7
Let v(s) = -4*s + 16*s**2 - 12*s**3 - 15*s**2 - 1 + 3*s. Give v(-1).
13
Let b(j) = 6*j**3 - j**2. Suppose -5 = 5*v, 0*p + 3*p - 3*v = 0. Let h(l) = l**2 - 1. Let n(r) = p*h(r) + b(r). Give n(1).
5
Suppose -h + 5*h = 8. Let p(f) = 3 + 2 + f**3 - 3 - 2*f**2. Determine p(h).
2
Let q(u) be the second derivative of -u**4/12 - 5*u**3/6 + 7*u**2/2 - 54*u. Give q(-5).
7
Let o(m) = -3*m - 2. Suppose 22 = -n - 4*p, 2*n + n = -4*p - 26. Calculate o(n).
4
Suppose 0 = 3*m - 7 - 5. Let u(h) = 4*h**3 + 0*h**3 - h + 1 - 2*h**3 - h**3. Let s(b) = 5*b**3 - b**2 - 5*b + 2. Let o(a) = m*u(a) - s(a). Calculate o(2).
0
Suppose -13 = 4*n - 1. Let k(s) = -2*s**3 + 0*s + 4*s**3 + 4 + 2*s - 3*s**2 - 3*s**3. What is k(n)?
-2
Let y(q) = 3*q**2 + 2 + 4 - 5. Give y(1).
4
Suppose m - 50 = -51. Let a(y) = -14*y + 1. What is a(m)?
15
Let m = 6 + -3. Let q(y) = y - 6. Calculate q(m).
-3
Let n(x) be the first derivative of -x**2 - 2*x + 2. Let p be n(-2). Let f(g) = 0*g - 1 + g - p*g. Give f(0).
-1
Let j(o) = -o + 1. Let m(h) = -5*h + 12. Let s = 2 - -4. Let v(a) = s*j(a) - m(a). What is v(-8)?
2
Let z(w) = w**2 + 2. Let t be ((-20)/6)/(8/12). Let r be (-23 - t)*8/(-6). Let v be 42/r - (-2)/8. Calculate z(v).
6
Let d(i) = i**3 + 8*i**2 + 2*i + 12. Let j be d(-8). Let r(u) = -2*u - 2. What is r(j)?
6
Let a(u) be the third derivative of u**5/60 - u**4/4 - 5*u**3/3 + 16*u**2. Determine a(7).
-3
Let n(l) = 11*l + 21. Let h(j) = 7*j + 14. Let s(q) = -8*h(q) + 5*n(q). Determine s(-7).
0
Let c(z) = -z**3 - 13*z**2 - 12*z + 2. Let q be c(-12). Suppose -q*j + 2 = -j. Let l(d) = -2*d. Calculate l(j).
-4
Let p = 8 + -4. Suppose 3*x + 5 = -p. Let h(s) = -s - 2. Calculate h(x).
1
Let n = -18 + 15. Let x(v) = 3*v**2 + 3*v - 4. What is x(n)?
14
Let c(v) be the third derivative of -v**5/60 - v**4/12 - 2*v**2. Suppose u + 4 = -0*u. Calculate c(u).
-8
Suppose 0 = 5*b + 11 + 4. Let w be 1 - (b + (-2 - -1)). Let s(z) = z - 3. Determine s(w).
2
Suppose 0*x + x = 1. Let p(d) be the second derivative of -d + 0*d**4 + 2/5*d**5 + 0 + 0*d**3 - 1/2*d**2. Calculate p(x).
7
Suppose -3*b = -8*b. Suppose b*g + 8 = 4*g. Let o(w) = -1 - g*w + 0*w - 3*w + w**2. Determine o(4).
-5
Suppose 0 = 3*n - 4*y - 17, -3*n - 3*y + 5 = 2. Let c(w) = -n*w + 1 - 2*w + 4*w + 2*w. What is c(-3)?
-2
Let y(l) be the third derivative of 0 + 0*l - 1/6*l**3 - 3*l**2 + 1/4*l**4. Calculate y(1).
5
Let f(o) = 4*o + 5 - 9*o + 0*o**2 + o**3 - 3*o**2 + 0*o**3. Give f(4).
1
Let a(o) = 6*o - 3*o**2 - 16*o + 8*o - 1 - 9*o**2. Determine a(-1).
-11
Let x(k) = -k**2 + 4. Let c(s) = s**2 - 3*s - 4. Let w = 12 - 7. Let m be c(w). Suppose -6 = -5*o + 2*a, -o - 2*o - 2*a - m = 0. Calculate x(o).
4
Let c(k) = 4*k - 2. Suppose -3*p - j - 19 = 0, -8*j + 11*j + 9 = -p. Determine c(p).
-26
Let n = 10 + -14. Let b be 8/n*(3 + 1). Let p be (-2)/b - (-25)/(-20). Let s(t) = -3*t**2 - t - 1. Give s(p).
-3
Let o(v) be the third derivative of v**9/60480 - v**8/20160 - v**7/2520 - v**6/720 - v**5/10 - 7*v**2. Let i(r) be the third derivative of o(r). What is i(3)?
11
Suppose 5*q - 15 = 5*a, -5*q + 8 - 2 = 4*a. Let t be (a + 2)*2/(-1). Let r(w) = w**3 + 3*w**2 - 2*w - 1. Determine r(t).
7
Let l(t) = -106*t - 4 + t**2 + 112*t - 2*t**2. Suppose -5*x = 6*r - r - 25, 2*x = 0. What is l(r)?
1
Let a(t) = 6 - 4 + 1 - 2*t + 3*t - t**2. What is a(4)?
-9
Suppose 0 = 7*y - 4*y - 12. Let h(w) = 2*w + w**3 - 5*w**2 + 4 + 2*w + 0*w**3. Calculate h(y).
4
Let r(w) = -6*w - 5. Let v be r(-1). Let p(k) = -5*k**2 - k + 1. Give p(v).
-5
Suppose 5*i + 59 - 44 = 0. Let q(x) = x**3 + 3*x**2 - 3*x - 4. Calculate q(i).
5
Let x be 126/(-3)*(-8)/(-24). Let u(n) = n**3 + 14*n**2 - 5. Calculate u(x).
-5
Let z(m) be the first derivative of -m**3/3 - m - 84. Suppose -4*v - 19 = -i, 4*v + 10 = -5*i - 15. Give z(i).
-2
Let r(s) = -s**3 + 7*s**2 + 9*s - 3. Let n be r(8). Let c(z) = -8 - n*z**2 + z**3 + 0*z**3 + 3. Give c(5).
-5
Let y(z) = z**2 + 7*z + 4. Suppose 15 = -3*s, -4*s = -3*u + s + 37. Suppose -u*n + 11 = h, -4*h + 4 = -8*h - 4*n. What is y(h)?
-6
Let g(n) = n**2 + 6*n - 7. Let m be g(-7). Suppose m = -3*b - 1 + 7. Let y(r) = -3 + 4*r - 5*r + 3. What is y(b)?
-2
Let j(a) = a**3 - a**2 - a. Let p(t) = 2*t**3 - 10*t**2 - 10*t - 5. Let c(y) = -3*j(y) + p(y). What is c(-6)?
1
Let i = -3 + 10. Suppose i = -4*j - 9. Let o(d) = 2*d - 4*d + d. What is o(j)?
4
Let p(d) = 2*d**2 + 4*d - 2. Let o(g) = g**3 - 2*g**2 - 3*g - 4. Let z be o(3). Calculate p(z).
14
Let a(k) = -16*k - 4. Let j(q) = -17*q - 3. Let x(y) = 2*a(y) - 3*j(y). Calculate x(1).
20
Let u(t) = -t + 0*t + 0 + 0*t + 1. Let b be 4/6 - (-4)/(-6). What is u(b)?
1
Suppose -5*b + 15 = -g, -b - g + 4*g - 11 = 0. Suppose b*u + 0*u = 0. Let f(v) = v**2 - 2. Give f(u).
-2
Let v(y) = -y**3 + y - 1. Let t(o) = -5*o**3 - 4*o**2 + 7*o - 1. Let p(x) = t(x) - 4*v(x). What is p(-4)?
-9
Let h(q) = 5*q + 3. Let z(t) = -9*t - 5. Let o(p) = 7*h(p) + 4*z(p). Determine o(2).
-1
Let p(m) = 0*m - 4*m + m + 8*m - 1. Calculate p(1).
4
Let t be 5*(2/(-5) - -1). Le